152.
1072
What is the greatest common divisor of 5159 and 13244?
77
What is the highest common factor of 19517 and 87?
29
What is the highest common divisor of 10947236 and 2824?
1412
Calculate the highest common factor of 40925 and 25.
25
Calculate the greatest common factor of 8019 and 192.
3
Calculate the greatest common divisor of 27 and 1067769.
27
Calculate the greatest common divisor of 80040 and 58.
58
What is the highest common factor of 2717 and 324558?
247
What is the highest common divisor of 496 and 180947?
31
Calculate the highest common factor of 96448 and 143.
11
Calculate the highest common factor of 91732 and 6308.
76
Calculate the highest common divisor of 44656 and 3632.
16
What is the greatest common divisor of 32301 and 1887?
111
Calculate the greatest common factor of 90882 and 612.
306
Calculate the highest common divisor of 1256 and 2072.
8
Calculate the highest common factor of 247480 and 40.
40
Calculate the greatest common factor of 33 and 395318.
11
What is the highest common divisor of 119090 and 10?
10
Calculate the greatest common divisor of 136188 and 12028.
388
What is the highest common divisor of 3000 and 1825500?
1500
What is the greatest common factor of 14624 and 24256?
32
What is the greatest common factor of 548 and 367023?
137
What is the highest common factor of 6650 and 1898100?
950
What is the greatest common divisor of 304213 and 182?
91
What is the highest common divisor of 647 and 5828176?
647
Calculate the highest common factor of 3939 and 10302.
303
What is the greatest common factor of 2405 and 116883?
481
Calculate the highest common divisor of 4807 and 2508.
209
Calculate the greatest common factor of 2646 and 183813.
21
Calculate the greatest common factor of 63 and 250572.
21
What is the greatest common divisor of 432 and 5238?
54
Calculate the greatest common divisor of 733 and 8.
1
What is the highest common factor of 1983450 and 1050?
1050
What is the highest common factor of 795 and 118932?
159
What is the highest common divisor of 167 and 29?
1
Calculate the greatest common factor of 675055 and 395.
395
What is the highest common factor of 408 and 79866?
102
What is the highest common divisor of 404 and 230684?
404
What is the highest common factor of 864 and 2208?
96
Calculate the highest common divisor of 241431 and 69.
69
What is the greatest common divisor of 8395 and 7889?
23
What is the greatest common factor of 56214 and 135?
27
Calculate the highest common factor of 1592941 and 232.
29
What is the highest common factor of 157322 and 209?
11
What is the greatest common factor of 4 and 3655?
1
What is the highest common divisor of 1471204 and 84?
28
What is the highest common factor of 9867 and 663?
39
Calculate the highest common factor of 433220 and 60.
20
Calculate the greatest common divisor of 165375 and 750.
375
What is the highest common factor of 14 and 909209?
7
Calculate the highest common factor of 3950781 and 6.
3
What is the greatest common divisor of 5955 and 195?
15
What is the highest common factor of 36 and 486964?
4
What is the greatest common divisor of 192456 and 342?
18
Calculate the highest common factor of 61914 and 68.
34
Calculate the greatest common divisor of 776 and 1006084.
388
What is the greatest common factor of 64702 and 1309?
187
Calculate the greatest common factor of 1 and 32089.
1
Calculate the highest common divisor of 27398 and 99750.
266
Calculate the highest common factor of 3279845 and 355.
355
What is the highest common factor of 2984 and 8?
8
What is the greatest common factor of 40496 and 64?
16
What is the highest common divisor of 1728 and 167832?
216
What is the greatest common divisor of 6100 and 35?
5
Calculate the greatest common factor of 462 and 42570.
66
Calculate the greatest common factor of 108606 and 713.
23
What is the highest common divisor of 104310 and 366?
366
Calculate the greatest common divisor of 1928 and 385841.
241
Calculate the greatest common divisor of 94703 and 14.
7
What is the highest common factor of 224 and 125952?
32
What is the greatest common factor of 5030 and 890?
10
Calculate the greatest common divisor of 36 and 501156.
36
What is the highest common factor of 16 and 492048?
16
Calculate the greatest common factor of 89 and 233.
1
Calculate the highest common divisor of 9570 and 11194.
58
What is the highest common divisor of 71 and 333913?
71
What is the greatest common divisor of 306 and 6408?
18
What is the highest common factor of 1637 and 11?
1
What is the highest common factor of 689954 and 230?
46
What is the highest common factor of 196 and 1089172?
196
What is the highest common divisor of 133100 and 16060?
220
What is the greatest common divisor of 3596 and 41064?
116
What is the greatest common factor of 822905 and 10?
5
What is the greatest common divisor of 283171 and 49?
49
What is the highest common divisor of 23237 and 38?
19
What is the greatest common divisor of 193 and 5238599?
193
Calculate the highest common divisor of 29030 and 140.
10
What is the highest common divisor of 680 and 2620?
20
Calculate the highest common divisor of 1665 and 75295.
185
Calculate the highest common divisor of 12812 and 12.
4
What is the greatest common divisor of 2703 and 796484?
901
What is the greatest common divisor of 19662 and 338322?
678
Calculate the highest common factor of 28272 and 24304.
496
Calculate the highest common divisor of 476 and 239428.
476
What is the highest common factor of 38105 and 20?
5
Calculate the highest common divisor of 775 and 9475.
25
Calculate the greatest common divisor of 200 and 16900.
100
Calculate the greatest common factor of 203621 and 535.
107
Calculate the greatest common divisor of 98760 and 48.
24
Calculate the greatest common factor of 137786 and 1562.
22
What is the highest common divisor of 2525 and 302495?
505
What is the highest common factor of 730 and 1190?
10
Calculate the greatest common factor of 136 and 23494.
34
What is the greatest common divisor of 5046 and 47850?
174
What is the highest common divisor of 11 and 127787?
11
What is the greatest common factor of 545 and 1052395?
545
What is the highest common divisor of 958 and 32?
2
What is the greatest common divisor of 1 and 407188?
1
What is the highest common factor of 910 and 243698?
182
What is the greatest common factor of 204 and 254796?
204
What is the greatest common factor of 4246 and 15054?
386
Calculate the greatest common factor of 2167662 and 101.
101
What is the greatest common divisor of 32 and 155552?
32
What is the greatest common divisor of 843600 and 300?
300
Calculate the greatest common divisor of 6 and 1739922.
6
Calculate the highest common divisor of 39 and 1059162.
39
What is the greatest common factor of 5548 and 3040?
76
What is the highest common factor of 21 and 9491475?
21
Calculate the greatest common factor of 1433976 and 802.
802
Calculate the greatest common factor of 858 and 407.
11
Calculate the greatest common factor of 875210 and 110.
10
What is the greatest common divisor of 1122 and 5346?
66
Calculate the highest common factor of 28 and 83384.
28
Calculate the greatest common divisor of 330 and 53355.
15
What is the greatest common factor of 552 and 15042?
138
What is the highest common factor of 230640 and 1920?
240
What is the greatest common factor of 43772 and 124?
124
What is the greatest common factor of 2374036 and 28?
28
Calculate the highest common factor of 1036 and 11692.
148
What is the highest common divisor of 6680 and 1445?
5
What is the highest common factor of 14848 and 98716?
116
What is the greatest common factor of 9568 and 227424?
736
What is the greatest common factor of 69585 and 30?
15
What is the greatest common factor of 13 and 1187?
1
What is the greatest common factor of 100 and 427400?
100
What is the highest common factor of 357 and 1343?
17
What is the highest common divisor of 9020 and 165?
55
Calculate the greatest common factor of 27051 and 1278.
213
What is the greatest common divisor of 6188 and 1449?
7
Calculate the highest common factor of 21597 and 69.
69
What is the greatest common factor of 1941 and 651?
3
What is the greatest common divisor of 889927 and 1405?
281
Calculate the highest common factor o